 when 2363934 is divided by 785961.
6051
What is the remainder when 30783 is divided by 10037?
672
What is the remainder when 1943960067 is divided by 38?
33
What is the remainder when 29803557 is divided by 23?
19
Calculate the remainder when 1889656 is divided by 1889640.
16
What is the remainder when 820748 is divided by 273575?
23
What is the remainder when 2569910 is divided by 865?
860
What is the remainder when 6507975 is divided by 212?
211
What is the remainder when 78576 is divided by 78530?
46
What is the remainder when 627121 is divided by 1293?
16
What is the remainder when 22803233 is divided by 20433?
5
What is the remainder when 1566388 is divided by 1630?
1588
What is the remainder when 765805 is divided by 4641?
40
Calculate the remainder when 1715830 is divided by 142983.
34
Calculate the remainder when 1669781841 is divided by 1811.
1810
Calculate the remainder when 1912135 is divided by 485.
265
What is the remainder when 482921 is divided by 160964?
29
Calculate the remainder when 79881 is divided by 726.
21
Calculate the remainder when 236066075 is divided by 6858.
6857
What is the remainder when 11585615 is divided by 16?
15
Calculate the remainder when 951876 is divided by 19426.
2
What is the remainder when 308966617 is divided by 323?
321
What is the remainder when 85397 is divided by 21151?
793
What is the remainder when 67696 is divided by 1539?
1519
Calculate the remainder when 772293 is divided by 3064.
165
What is the remainder when 44434301 is divided by 689?
2
Calculate the remainder when 32991 is divided by 5671.
4636
What is the remainder when 1275559711 is divided by 22?
19
What is the remainder when 960338 is divided by 160011?
272
What is the remainder when 63601649 is divided by 51?
8
Calculate the remainder when 677678 is divided by 615.
563
What is the remainder when 71892929 is divided by 3830?
3829
Calculate the remainder when 3093506 is divided by 8593.
26
What is the remainder when 5614358 is divided by 26992?
22
Calculate the remainder when 200243 is divided by 1405.
733
What is the remainder when 257780 is divided by 5258?
138
What is the remainder when 3460201 is divided by 322?
311
Calculate the remainder when 278662 is divided by 278580.
82
Calculate the remainder when 812985 is divided by 3853.
2
Calculate the remainder when 2042878 is divided by 2042577.
301
Calculate the remainder when 495833 is divided by 192.
89
Calculate the remainder when 14642937 is divided by 4880972.
21
Calculate the remainder when 7480927 is divided by 919.
267
What is the remainder when 375818395 is divided by 45?
40
Calculate the remainder when 2725127 is divided by 18167.
77
Calculate the remainder when 23874 is divided by 2185.
2024
What is the remainder when 2185810 is divided by 536?
2
What is the remainder when 6370127 is divided by 1569?
1556
What is the remainder when 447423 is divided by 16?
15
What is the remainder when 51732 is divided by 24768?
2196
What is the remainder when 274798 is divided by 1402?
6
Calculate the remainder when 79963293 is divided by 2136.
2133
Calculate the remainder when 5268415 is divided by 2634207.
1
Calculate the remainder when 1388071 is divided by 1755.
1621
What is the remainder when 3711965 is divided by 40?
5
Calculate the remainder when 885419 is divided by 126284.
1431
Calculate the remainder when 401251 is divided by 100302.
43
Calculate the remainder when 48317 is divided by 14.
3
What is the remainder when 1057715 is divided by 351882?
2069
Calculate the remainder when 375063 is divided by 125000.
63
Calculate the remainder when 239896 is divided by 3974.
1456
What is the remainder when 179244 is divided by 1195?
1189
What is the remainder when 137745 is divided by 15304?
9
What is the remainder when 35148 is divided by 17424?
300
Calculate the remainder when 5926259 is divided by 66.
53
What is the remainder when 287626 is divided by 1137?
1102
Calculate the remainder when 611978 is divided by 181.
17
Calculate the remainder when 79539644 is divided by 216.
20
What is the remainder when 13631119 is divided by 351?
34
Calculate the remainder when 34551557 is divided by 1353.
1349
What is the remainder when 86298 is divided by 1463?
1444
What is the remainder when 913802 is divided by 82?
76
Calculate the remainder when 117937 is divided by 6360.
3457
Calculate the remainder when 484204 is divided by 25477.
141
Calculate the remainder when 10573097 is divided by 50.
47
Calculate the remainder when 147282 is divided by 49083.
33
What is the remainder when 15908601 is divided by 15908592?
9
What is the remainder when 341324 is divided by 112390?
4154
Calculate the remainder when 216103632 is divided by 10183.
6
What is the remainder when 1700976 is divided by 606?
540
What is the remainder when 9258423 is divided by 15128?
87
What is the remainder when 177672 is divided by 3946?
102
What is the remainder when 104324783 is divided by 16?
15
What is the remainder when 26702176 is divided by 1907297?
18
Calculate the remainder when 1371324 is divided by 9589.
97
What is the remainder when 2123369 is divided by 92320?
9
What is the remainder when 1869298 is divided by 623062?
112
Calculate the remainder when 40083 is divided by 7975.
208
Calculate the remainder when 843713 is divided by 468.
377
Calculate the remainder when 205022 is divided by 68320.
62
What is the remainder when 2625590 is divided by 2287?
114
Calculate the remainder when 991595 is divided by 137.
126
Calculate the remainder when 77439 is divided by 14891.
2984
What is the remainder when 252017 is divided by 3649?
236
Calculate the remainder when 2017041 is divided by 75.
66
What is the remainder when 30281 is divided by 1859?
537
What is the remainder when 734456 is divided by 103?
66
Calculate the remainder when 2472152 is divided by 1236069.
14
What is the remainder when 318065 is divided by 318053?
12
What is the remainder when 2174694 is divided by 23637?
90
What is the remainder when 3359874 is divided by 1613?
1608
Calculate the remainder when 1752397 is divided by 105.
52
Calculate the remainder when 1584097 is divided by 590.
537
Calculate the remainder when 777307 is divided by 155457.
22
Calculate the remainder when 22644 is divided by 20146.
2498
What is the remainder when 1030969 is divided by 2664?
1
What is the remainder when 12537 is divided by 212?
29
What is the remainder when 189894495 is divided by 9?
3
What is the remainder when 77110 is divided by 393?
82
Calculate the remainder when 136599 is divided by 314.
9
Calculate the remainder when 8579 is divided by 118.
83
Calculate the remainder when 37213 is divided by 2011.
1015
What is the remainder when 1751915 is divided by 437976?
11
Calculate the remainder when 361543 is divided by 22549.
759
Calculate the remainder when 53191 is divided by 2413.
105
Calculate the remainder when 6844031 is divided by 207365.
986
What is the remainder when 41757 is divided by 10323?
465
What is the remainder when 119719 is divided by 23625?
1594
What is the remainder when 2764035 is divided by 16?
3
What is the remainder when 6877278 is divided by 839?
834
What is the remainder when 317440 is divided by 3209?
2958
Calculate the remainder when 2424973 is divided by 484979.
78
What is the remainder when 3581 is divided by 1257?
1067
Calculate the remainder when 2834371 is divided by 556.
439
What is the remainder when 39073046 is divided by 75?
71
Calculate the remainder when 2564239 is divided by 560.
559
Calculate the remainder when 521858286 is divided by 257.
254
Calculate the remainder when 292931 is divided by 2508.
2003
What is the remainder when 1318947 is divided by 270?
267
What is the remainder when 14257608 is divided by 187600?
8
What is the remainder when 103403522 is divided by 196?
194
What is the remainder when 46554552 is divided by 15518180?
12
Calculate the remainder when 5787516 is divided by 328.
284
Calculate the remainder when 127016 is divided by 1187.
7
What is the remainder when 1770004 is divided by 1254?
610
Calculate the remainder when 83253 is divided by 11813.
562
Calculate the remainder when 9459592 is divided by 1351370.
2
What is the remainder when 3155592 is divided by 2433?
2424
Calculate the remainder when 26